{"id":2035,"date":"2026-02-08T20:34:49","date_gmt":"2026-02-08T19:34:49","guid":{"rendered":"https:\/\/ekakovost.si\/?page_id=2035"},"modified":"2026-02-11T07:40:38","modified_gmt":"2026-02-11T06:40:38","slug":"optimalne-resitve","status":"publish","type":"page","link":"https:\/\/ekakovost.si\/index.php\/optimalne-resitve\/","title":{"rendered":"OPTIMALNE RE\u0160ITVE"},"content":{"rendered":"\n<h2 class=\"wp-block-heading\">Manj stresa, ve\u010d jasnosti<\/h2>\n\n\n\n<div class=\"wp-block-columns is-layout-flex wp-container-core-columns-is-layout-28f84493 wp-block-columns-is-layout-flex\">\n<div class=\"wp-block-column is-layout-flow wp-block-column-is-layout-flow\">\n<figure class=\"wp-block-image size-full\"><img data-recalc-dims=\"1\" loading=\"lazy\" decoding=\"async\" width=\"1024\" height=\"1024\" src=\"https:\/\/i0.wp.com\/ekakovost.si\/wp-content\/uploads\/2026\/02\/slika-zaskrbljen.jpg?resize=1024%2C1024&#038;ssl=1\" alt=\"\" class=\"wp-image-2037\" srcset=\"https:\/\/i0.wp.com\/ekakovost.si\/wp-content\/uploads\/2026\/02\/slika-zaskrbljen.jpg?w=1024&amp;ssl=1 1024w, https:\/\/i0.wp.com\/ekakovost.si\/wp-content\/uploads\/2026\/02\/slika-zaskrbljen.jpg?resize=300%2C300&amp;ssl=1 300w, https:\/\/i0.wp.com\/ekakovost.si\/wp-content\/uploads\/2026\/02\/slika-zaskrbljen.jpg?resize=150%2C150&amp;ssl=1 150w, https:\/\/i0.wp.com\/ekakovost.si\/wp-content\/uploads\/2026\/02\/slika-zaskrbljen.jpg?resize=768%2C768&amp;ssl=1 768w, https:\/\/i0.wp.com\/ekakovost.si\/wp-content\/uploads\/2026\/02\/slika-zaskrbljen.jpg?resize=600%2C600&amp;ssl=1 600w, https:\/\/i0.wp.com\/ekakovost.si\/wp-content\/uploads\/2026\/02\/slika-zaskrbljen.jpg?resize=100%2C100&amp;ssl=1 100w\" sizes=\"auto, (max-width: 1000px) 100vw, 1000px\" \/><\/figure>\n<\/div>\n\n\n\n<div class=\"wp-block-column is-layout-flow wp-block-column-is-layout-flow\">\n<ul class=\"wp-block-list\">\n<li class=\"has-custom-primary-color has-text-color has-link-color has-heading-l-font-size wp-elements-d84ddf2303777d0869aecaab6f64475e\">Optimalne re\u0161itve za vsakodnevne izzive<\/li>\n\n\n\n<li>V zadnjih mesecih smo pri <strong>E-kakovosti<\/strong> veliko delali tudi za posameznike, ki se dnevno sre\u010dujejo z izzivi, ki jim jemljejo veliko nepotrebnega \u010dasa in denarja. Poslu\u0161ali smo va\u0161a vpra\u0161anja, brali va\u0161e e-maile in vam pomagali pri re\u0161evanju zelo konkretnih situacij..<\/li>\n\n\n\n<li>Pokazalo se je eno: najve\u010d stresa ne povzro\u010da delo samo, ampak <strong>nejasnosti, papirologija, slaba komunikacija, nenehno spreminjanje zakonodaje in iskanje pravih, pogosto najugodnej\u0161ih in optimalnih re\u0161itev<\/strong>.<\/li>\n\n\n\n<li>Zato smo na\u0161 fokus poenostavili.<\/li>\n\n\n\n<li>Na\u0161 cilj je jasen: <strong>manj stresa, ve\u010d miru v glavi in re\u0161itve, ki dejansko delujejo<\/strong>.<\/li>\n<\/ul>\n<\/div>\n<\/div>\n\n\n\n<div class=\"wp-block-columns is-layout-flex wp-container-core-columns-is-layout-28f84493 wp-block-columns-is-layout-flex\">\n<div class=\"wp-block-column is-layout-flow wp-block-column-is-layout-flow\">\n<h2 class=\"wp-block-heading\">kaj konkretno po\u010dnemo<\/h2>\n\n\n\n<p>Pomagamo tam, kjer se stvari obi\u010dajno zataknejo:<\/p>\n\n\n\n<ul class=\"wp-block-list\">\n<li>\u2714 <strong>poi\u0161\u010demo najbolj optimalno re\u0161itev<\/strong> za va\u0161o situacijo<\/li>\n\n\n\n<li>\u2714 <strong>pomagamo pri reklamacijah<\/strong> in komunikaciji s ponudniki<\/li>\n\n\n\n<li>\u2714 <strong>pripravimo ali pregledamo pogodbe<\/strong><\/li>\n\n\n\n<li>\u2714 <strong>uredimo uradno in poslovno komunikacijo<\/strong> (e-po\u0161ta, dopisi, odgovori)<\/li>\n\n\n\n<li>\u2714 <strong>naredimo primerjavo ponudb<\/strong>, da se la\u017eje odlo\u010dite<\/li>\n\n\n\n<li>\u2714 <strong>re\u0161ujemo konkretne situacije<\/strong>, ki vam jemljejo \u010das in energijo<\/li>\n<\/ul>\n\n\n\n<p>Brez zapletenih razlag.<br>Brez ob\u010dutka, da \u201cmorate vse vedeti sami\u201d. <\/p>\n\n\n\n<p>Ekipa E-kakovosti se znajde v skoraj vsaki situaciji, v kolikor pa va\u0161 izziv zahteva \u0161e strokovnjake iz specifi\u010dnega podro\u010dja, vas usmerimo k preverjenim in zaupanja vrednim ljudem s katerimi sodelujemo in delijo za nami enake vrednote.<\/p>\n<\/div>\n\n\n\n<div class=\"wp-block-column is-layout-flow wp-block-column-is-layout-flow\">\n<figure class=\"wp-block-image size-large\"><img data-recalc-dims=\"1\" loading=\"lazy\" decoding=\"async\" width=\"1024\" height=\"683\" src=\"https:\/\/i0.wp.com\/ekakovost.si\/wp-content\/uploads\/2026\/02\/delovna-miza.jpg?resize=1024%2C683&#038;ssl=1\" alt=\"\" class=\"wp-image-2036\" srcset=\"https:\/\/i0.wp.com\/ekakovost.si\/wp-content\/uploads\/2026\/02\/delovna-miza.jpg?resize=1024%2C683&amp;ssl=1 1024w, https:\/\/i0.wp.com\/ekakovost.si\/wp-content\/uploads\/2026\/02\/delovna-miza.jpg?resize=300%2C200&amp;ssl=1 300w, https:\/\/i0.wp.com\/ekakovost.si\/wp-content\/uploads\/2026\/02\/delovna-miza.jpg?resize=150%2C100&amp;ssl=1 150w, https:\/\/i0.wp.com\/ekakovost.si\/wp-content\/uploads\/2026\/02\/delovna-miza.jpg?resize=768%2C512&amp;ssl=1 768w, https:\/\/i0.wp.com\/ekakovost.si\/wp-content\/uploads\/2026\/02\/delovna-miza.jpg?resize=600%2C400&amp;ssl=1 600w, https:\/\/i0.wp.com\/ekakovost.si\/wp-content\/uploads\/2026\/02\/delovna-miza.jpg?w=1536&amp;ssl=1 1536w\" sizes=\"auto, (max-width: 1000px) 100vw, 1000px\" \/><\/figure>\n<\/div>\n<\/div>\n\n\n\n<hr class=\"wp-block-separator has-alpha-channel-opacity\"\/>\n\n\n\n<h2 class=\"wp-block-heading\">Kako delamo<\/h2>\n\n\n\n<p>Na\u0161 pristop je preprost in pragmati\u010den:<\/p>\n\n\n\n<ul class=\"wp-block-list\">\n<li>\u2714 osredoto\u010deni smo na <strong>va\u0161 problem<\/strong>, ne na teorijo<\/li>\n\n\n\n<li>\u2714 govorimo <strong>jasno in razumljivo<\/strong><\/li>\n\n\n\n<li>\u2714 i\u0161\u010demo <strong>re\u0161itve, ne dodatnih zapletov<\/strong><\/li>\n\n\n\n<li>\u2714 prihranimo vam <strong>\u010das, slabo voljo in energijo<\/strong><\/li>\n<\/ul>\n\n\n\n<p>Vi poveste, kaj vas trenutno najbolj obremenjuje \u2013 mi pa poi\u0161\u010demo najbolj smiselno pot naprej. <\/p>\n\n\n\n<hr class=\"wp-block-separator has-alpha-channel-opacity\"\/>\n\n\n\n<h2 class=\"wp-block-heading\">Darilne kartice za storitve E-kakovosti<\/h2>\n\n\n\n<p>Za vse zgoraj opisane storitve so na voljo tudi <strong>darilne kartice E-kakovost<\/strong>.<br>Primerne so tako za podjetja kot posameznike \u2013 zase ali kot darilo nekomu, ki mu \u017eelite olaj\u0161ati delo, odlo\u010danje ali re\u0161evanje konkretne situacije.<\/p>\n\n\n\n<p>\u2714 unov\u010dljive za vse storitve iz na\u0161e ponudbe<br>\u2714 veljavnost 12 mesecev od dneva nakupa<br>\u2714 brez zapletenih postopkov<br>\u2714 prakti\u010dno, uporabno in druga\u010dno darilo<\/p>\n\n\n\n<p class=\"has-custom-primary-color has-text-color has-link-color wp-elements-ceb7650bcb9bf3a6ded839f71aadea5b\"><a href=\"https:\/\/ekakovost.si\/index.php\/izdelek\/darilna-kartica-e-kakovost\/\" type=\"link\" id=\"https:\/\/ekakovost.si\/index.php\/izdelek\/darilna-kartica-e-kakovost\/\">\ud83d\udc49 <strong>Oglejte si darilne kartice v na\u0161i spletni trgovini<\/strong><\/a><strong>:<\/strong><br><\/p>\n\n\n\n<p><\/p>\n\n\n\n<hr class=\"wp-block-separator has-alpha-channel-opacity\"\/>\n\n\n\n<h2 class=\"wp-block-heading\">Zakaj izbrati E-kakovost<\/h2>\n\n\n\n<p>Ker verjamemo, da:<\/p>\n\n\n\n<ul class=\"wp-block-list\">\n<li>\u2714 dobra re\u0161itev prinese <strong>mir<\/strong>, ne dodatnega dela<\/li>\n\n\n\n<li>\u2714 ni treba, da je vse zapleteno<\/li>\n\n\n\n<li>\u2714 imate pravico do jasnih odgovorov in podpore<\/li>\n<\/ul>\n\n\n\n<p>Na\u0161 cilj ni, da vas obremenimo z informacijami, ampak da vam pomagamo <strong>zadihati in stopiti naprej brez stresa<\/strong>.<\/p>\n\n\n\n<hr class=\"wp-block-separator has-alpha-channel-opacity\"\/>\n\n\n\n<h2 class=\"wp-block-heading\">Kako vam lahko pomagamo?<\/h2>\n\n\n\n<p><\/p>\n\n\n\n<p class=\"has-custom-primary-color has-text-color has-link-color wp-elements-eb39aae5cb572dbd36a84de426532039\"><strong>Kaj pa trenutno vam povzro\u010da najve\u010d sivih las?<\/strong><br><a href=\"https:\/\/ekakovost.si\/index.php\/kontaktni-obrazec\/\" type=\"link\" id=\"https:\/\/ekakovost.si\/index.php\/kontaktni-obrazec\/\">Pi\u0161ite nam \u2013 skupaj bomo na\u0161li re\u0161itev.<\/a><\/p>\n\n\n\n<p><\/p>\n<div class=\"social-share-buttons\"><a class=\"wirawp-stack-small\" href=\"https:\/\/www.facebook.com\/sharer\/sharer.php?u=https:\/\/ekakovost.si\/index.php\/optimalne-resitve\/\" target=\"_blank\" rel=\"noopener\">\uf39e<\/a><a class=\"wirawp-stack-small\" href=\"https:\/\/twitter.com\/intent\/tweet?url=https:\/\/ekakovost.si\/index.php\/optimalne-resitve\/&text=OPTIMALNE+RE%C5%A0ITVE\" target=\"_blank\" rel=\"noopener\">\uf099<\/a><a class=\"wirawp-stack-small\" href=\"https:\/\/www.linkedin.com\/shareArticle?url=https:\/\/ekakovost.si\/index.php\/optimalne-resitve\/&title=OPTIMALNE+RE%C5%A0ITVE\" target=\"_blank\" rel=\"noopener\">\uf0e1<\/a><a class=\"wirawp-stack-small\" href=\"https:\/\/pinterest.com\/pin\/create\/button\/?url=https:\/\/ekakovost.si\/index.php\/optimalne-resitve\/&description=OPTIMALNE+RE%C5%A0ITVE\" target=\"_blank\" rel=\"noopener\">\uf231<\/a><\/div>","protected":false},"excerpt":{"rendered":"<p>Manj stresa, ve\u010d jasnosti kaj konkretno po\u010dnemo Pomagamo tam, kjer se stvari obi\u010dajno zataknejo: Brez zapletenih razlag.Brez ob\u010dutka, da \u201cmorate vse vedeti sami\u201d. Ekipa E-kakovosti se znajde v skoraj vsaki situaciji, v kolikor pa va\u0161 izziv zahteva \u0161e strokovnjake iz specifi\u010dnega podro\u010dja, vas usmerimo k preverjenim in zaupanja vrednim ljudem s katerimi sodelujemo in delijo [&hellip;]<\/p>\n","protected":false},"author":1,"featured_media":0,"parent":0,"menu_order":0,"comment_status":"closed","ping_status":"closed","template":"","meta":{"footnotes":""},"class_list":["post-2035","page","type-page","status-publish","hentry"],"yoast_head":"<!-- This site is optimized with the Yoast SEO plugin v27.6 - https:\/\/yoast.com\/product\/yoast-seo-wordpress\/ -->\n<title>OPTIMALNE RE\u0160ITVE - E-kakovost<\/title>\n<meta name=\"description\" content=\"I\u0161\u010dete jasne in prakti\u010dne re\u0161itve? E-kakovost pomaga pri reklamacijah, pogodbah in komunikaciji. Na voljo tudi darilne kartice za storitve.\" \/>\n<meta name=\"robots\" content=\"index, follow, max-snippet:-1, max-image-preview:large, max-video-preview:-1\" \/>\n<link rel=\"canonical\" href=\"https:\/\/ekakovost.si\/index.php\/optimalne-resitve\/\" \/>\n<meta property=\"og:locale\" content=\"sl_SI\" \/>\n<meta property=\"og:type\" content=\"article\" \/>\n<meta property=\"og:title\" content=\"OPTIMALNE RE\u0160ITVE - E-kakovost\" \/>\n<meta property=\"og:description\" content=\"I\u0161\u010dete jasne in prakti\u010dne re\u0161itve? E-kakovost pomaga pri reklamacijah, pogodbah in komunikaciji. Na voljo tudi darilne kartice za storitve.\" \/>\n<meta property=\"og:url\" content=\"https:\/\/ekakovost.si\/index.php\/optimalne-resitve\/\" \/>\n<meta property=\"og:site_name\" content=\"E-kakovost\" \/>\n<meta property=\"article:modified_time\" content=\"2026-02-11T06:40:38+00:00\" \/>\n<meta property=\"og:image\" content=\"https:\/\/ekakovost.si\/wp-content\/uploads\/2026\/02\/slika-zaskrbljen.jpg\" \/>\n<meta name=\"twitter:card\" content=\"summary_large_image\" \/>\n<meta name=\"twitter:label1\" content=\"Est. reading time\" \/>\n\t<meta name=\"twitter:data1\" content=\"3 minute\" \/>\n<script type=\"application\/ld+json\" class=\"yoast-schema-graph\">{\"@context\":\"https:\\\/\\\/schema.org\",\"@graph\":[{\"@type\":\"WebPage\",\"@id\":\"https:\\\/\\\/ekakovost.si\\\/index.php\\\/optimalne-resitve\\\/\",\"url\":\"https:\\\/\\\/ekakovost.si\\\/index.php\\\/optimalne-resitve\\\/\",\"name\":\"OPTIMALNE RE\u0160ITVE - E-kakovost\",\"isPartOf\":{\"@id\":\"https:\\\/\\\/ekakovost.si\\\/#website\"},\"primaryImageOfPage\":{\"@id\":\"https:\\\/\\\/ekakovost.si\\\/index.php\\\/optimalne-resitve\\\/#primaryimage\"},\"image\":{\"@id\":\"https:\\\/\\\/ekakovost.si\\\/index.php\\\/optimalne-resitve\\\/#primaryimage\"},\"thumbnailUrl\":\"https:\\\/\\\/ekakovost.si\\\/wp-content\\\/uploads\\\/2026\\\/02\\\/slika-zaskrbljen.jpg\",\"datePublished\":\"2026-02-08T19:34:49+00:00\",\"dateModified\":\"2026-02-11T06:40:38+00:00\",\"description\":\"I\u0161\u010dete jasne in prakti\u010dne re\u0161itve? E-kakovost pomaga pri reklamacijah, pogodbah in komunikaciji. Na voljo tudi darilne kartice za storitve.\",\"breadcrumb\":{\"@id\":\"https:\\\/\\\/ekakovost.si\\\/index.php\\\/optimalne-resitve\\\/#breadcrumb\"},\"inLanguage\":\"sl-SI\",\"potentialAction\":[{\"@type\":\"ReadAction\",\"target\":[\"https:\\\/\\\/ekakovost.si\\\/index.php\\\/optimalne-resitve\\\/\"]}]},{\"@type\":\"ImageObject\",\"inLanguage\":\"sl-SI\",\"@id\":\"https:\\\/\\\/ekakovost.si\\\/index.php\\\/optimalne-resitve\\\/#primaryimage\",\"url\":\"https:\\\/\\\/i0.wp.com\\\/ekakovost.si\\\/wp-content\\\/uploads\\\/2026\\\/02\\\/slika-zaskrbljen.jpg?fit=1024%2C1024&ssl=1&wsr\",\"contentUrl\":\"https:\\\/\\\/i0.wp.com\\\/ekakovost.si\\\/wp-content\\\/uploads\\\/2026\\\/02\\\/slika-zaskrbljen.jpg?fit=1024%2C1024&ssl=1&wsr\",\"width\":1024,\"height\":1024},{\"@type\":\"BreadcrumbList\",\"@id\":\"https:\\\/\\\/ekakovost.si\\\/index.php\\\/optimalne-resitve\\\/#breadcrumb\",\"itemListElement\":[{\"@type\":\"ListItem\",\"position\":1,\"name\":\"Home\",\"item\":\"https:\\\/\\\/ekakovost.si\\\/\"},{\"@type\":\"ListItem\",\"position\":2,\"name\":\"OPTIMALNE RE\u0160ITVE\"}]},{\"@type\":\"WebSite\",\"@id\":\"https:\\\/\\\/ekakovost.si\\\/#website\",\"url\":\"https:\\\/\\\/ekakovost.si\\\/\",\"name\":\"E-kakovost\",\"description\":\"Ker kakovost \u0161teje.\",\"publisher\":{\"@id\":\"https:\\\/\\\/ekakovost.si\\\/#organization\"},\"potentialAction\":[{\"@type\":\"SearchAction\",\"target\":{\"@type\":\"EntryPoint\",\"urlTemplate\":\"https:\\\/\\\/ekakovost.si\\\/?s={search_term_string}\"},\"query-input\":{\"@type\":\"PropertyValueSpecification\",\"valueRequired\":true,\"valueName\":\"search_term_string\"}}],\"inLanguage\":\"sl-SI\"},{\"@type\":\"Organization\",\"@id\":\"https:\\\/\\\/ekakovost.si\\\/#organization\",\"name\":\"E-kakovost\",\"url\":\"https:\\\/\\\/ekakovost.si\\\/\",\"logo\":{\"@type\":\"ImageObject\",\"inLanguage\":\"sl-SI\",\"@id\":\"https:\\\/\\\/ekakovost.si\\\/#\\\/schema\\\/logo\\\/image\\\/\",\"url\":\"https:\\\/\\\/i0.wp.com\\\/ekakovost.si\\\/wp-content\\\/uploads\\\/2024\\\/07\\\/E-KAKOVOST-logo-splet.png?fit=1183%2C1116&ssl=1&wsr\",\"contentUrl\":\"https:\\\/\\\/i0.wp.com\\\/ekakovost.si\\\/wp-content\\\/uploads\\\/2024\\\/07\\\/E-KAKOVOST-logo-splet.png?fit=1183%2C1116&ssl=1&wsr\",\"width\":1183,\"height\":1116,\"caption\":\"E-kakovost\"},\"image\":{\"@id\":\"https:\\\/\\\/ekakovost.si\\\/#\\\/schema\\\/logo\\\/image\\\/\"},\"sameAs\":[\"https:\\\/\\\/www.linkedin.com\\\/company\\\/ekakovost\\\/\"]}]}<\/script>\n<!-- \/ Yoast SEO plugin. -->","yoast_head_json":{"title":"OPTIMALNE RE\u0160ITVE - E-kakovost","description":"I\u0161\u010dete jasne in prakti\u010dne re\u0161itve? E-kakovost pomaga pri reklamacijah, pogodbah in komunikaciji. Na voljo tudi darilne kartice za storitve.","robots":{"index":"index","follow":"follow","max-snippet":"max-snippet:-1","max-image-preview":"max-image-preview:large","max-video-preview":"max-video-preview:-1"},"canonical":"https:\/\/ekakovost.si\/index.php\/optimalne-resitve\/","og_locale":"sl_SI","og_type":"article","og_title":"OPTIMALNE RE\u0160ITVE - E-kakovost","og_description":"I\u0161\u010dete jasne in prakti\u010dne re\u0161itve? E-kakovost pomaga pri reklamacijah, pogodbah in komunikaciji. Na voljo tudi darilne kartice za storitve.","og_url":"https:\/\/ekakovost.si\/index.php\/optimalne-resitve\/","og_site_name":"E-kakovost","article_modified_time":"2026-02-11T06:40:38+00:00","og_image":[{"url":"https:\/\/ekakovost.si\/wp-content\/uploads\/2026\/02\/slika-zaskrbljen.jpg","type":"","width":"","height":""}],"twitter_card":"summary_large_image","twitter_misc":{"Est. reading time":"3 minute"},"schema":{"@context":"https:\/\/schema.org","@graph":[{"@type":"WebPage","@id":"https:\/\/ekakovost.si\/index.php\/optimalne-resitve\/","url":"https:\/\/ekakovost.si\/index.php\/optimalne-resitve\/","name":"OPTIMALNE RE\u0160ITVE - E-kakovost","isPartOf":{"@id":"https:\/\/ekakovost.si\/#website"},"primaryImageOfPage":{"@id":"https:\/\/ekakovost.si\/index.php\/optimalne-resitve\/#primaryimage"},"image":{"@id":"https:\/\/ekakovost.si\/index.php\/optimalne-resitve\/#primaryimage"},"thumbnailUrl":"https:\/\/ekakovost.si\/wp-content\/uploads\/2026\/02\/slika-zaskrbljen.jpg","datePublished":"2026-02-08T19:34:49+00:00","dateModified":"2026-02-11T06:40:38+00:00","description":"I\u0161\u010dete jasne in prakti\u010dne re\u0161itve? E-kakovost pomaga pri reklamacijah, pogodbah in komunikaciji. Na voljo tudi darilne kartice za storitve.","breadcrumb":{"@id":"https:\/\/ekakovost.si\/index.php\/optimalne-resitve\/#breadcrumb"},"inLanguage":"sl-SI","potentialAction":[{"@type":"ReadAction","target":["https:\/\/ekakovost.si\/index.php\/optimalne-resitve\/"]}]},{"@type":"ImageObject","inLanguage":"sl-SI","@id":"https:\/\/ekakovost.si\/index.php\/optimalne-resitve\/#primaryimage","url":"https:\/\/i0.wp.com\/ekakovost.si\/wp-content\/uploads\/2026\/02\/slika-zaskrbljen.jpg?fit=1024%2C1024&ssl=1&wsr","contentUrl":"https:\/\/i0.wp.com\/ekakovost.si\/wp-content\/uploads\/2026\/02\/slika-zaskrbljen.jpg?fit=1024%2C1024&ssl=1&wsr","width":1024,"height":1024},{"@type":"BreadcrumbList","@id":"https:\/\/ekakovost.si\/index.php\/optimalne-resitve\/#breadcrumb","itemListElement":[{"@type":"ListItem","position":1,"name":"Home","item":"https:\/\/ekakovost.si\/"},{"@type":"ListItem","position":2,"name":"OPTIMALNE RE\u0160ITVE"}]},{"@type":"WebSite","@id":"https:\/\/ekakovost.si\/#website","url":"https:\/\/ekakovost.si\/","name":"E-kakovost","description":"Ker kakovost \u0161teje.","publisher":{"@id":"https:\/\/ekakovost.si\/#organization"},"potentialAction":[{"@type":"SearchAction","target":{"@type":"EntryPoint","urlTemplate":"https:\/\/ekakovost.si\/?s={search_term_string}"},"query-input":{"@type":"PropertyValueSpecification","valueRequired":true,"valueName":"search_term_string"}}],"inLanguage":"sl-SI"},{"@type":"Organization","@id":"https:\/\/ekakovost.si\/#organization","name":"E-kakovost","url":"https:\/\/ekakovost.si\/","logo":{"@type":"ImageObject","inLanguage":"sl-SI","@id":"https:\/\/ekakovost.si\/#\/schema\/logo\/image\/","url":"https:\/\/i0.wp.com\/ekakovost.si\/wp-content\/uploads\/2024\/07\/E-KAKOVOST-logo-splet.png?fit=1183%2C1116&ssl=1&wsr","contentUrl":"https:\/\/i0.wp.com\/ekakovost.si\/wp-content\/uploads\/2024\/07\/E-KAKOVOST-logo-splet.png?fit=1183%2C1116&ssl=1&wsr","width":1183,"height":1116,"caption":"E-kakovost"},"image":{"@id":"https:\/\/ekakovost.si\/#\/schema\/logo\/image\/"},"sameAs":["https:\/\/www.linkedin.com\/company\/ekakovost\/"]}]}},"_links":{"self":[{"href":"https:\/\/ekakovost.si\/index.php\/wp-json\/wp\/v2\/pages\/2035","targetHints":{"allow":["GET"]}}],"collection":[{"href":"https:\/\/ekakovost.si\/index.php\/wp-json\/wp\/v2\/pages"}],"about":[{"href":"https:\/\/ekakovost.si\/index.php\/wp-json\/wp\/v2\/types\/page"}],"author":[{"embeddable":true,"href":"https:\/\/ekakovost.si\/index.php\/wp-json\/wp\/v2\/users\/1"}],"replies":[{"embeddable":true,"href":"https:\/\/ekakovost.si\/index.php\/wp-json\/wp\/v2\/comments?post=2035"}],"version-history":[{"count":5,"href":"https:\/\/ekakovost.si\/index.php\/wp-json\/wp\/v2\/pages\/2035\/revisions"}],"predecessor-version":[{"id":2089,"href":"https:\/\/ekakovost.si\/index.php\/wp-json\/wp\/v2\/pages\/2035\/revisions\/2089"}],"wp:attachment":[{"href":"https:\/\/ekakovost.si\/index.php\/wp-json\/wp\/v2\/media?parent=2035"}],"curies":[{"name":"wp","href":"https:\/\/api.w.org\/{rel}","templated":true}]}}